 = -x**2 + 4152*x + 460072. Determine r(-108).
-8
Let w(j) = 20342*j + 243912. What is w(-12)?
-192
Let n(w) = 3*w**3 + 1097*w**2 - 7052*w + 5973. Calculate n(-372).
21
Let y(q) = -3174*q + 18977. Give y(6).
-67
Let q(x) = -x**3 - 500*x**2 - 2765*x + 98331. Give q(-494).
25
Let q(r) = -17*r**2 + 254*r + 1306. Give q(19).
-5
Let p(w) = -w**3 - 107*w**2 + 1377*w - 6029. Give p(-119).
40
Let l(y) = 4*y**2 - 33659*y + 470433. Give l(14).
-9
Let r(p) = 1715*p**2 - 289830*p - 827. Calculate r(169).
18
Let f(p) = 27*p**2 - 63*p - 155. Calculate f(-3).
277
Let i(f) = -48876*f - 488766. What is i(-10)?
-6
Let l(m) = -m**2 + 8*m + 6294. What is l(-82)?
-1086
Let h(x) = -1055*x - 62245. Give h(-59).
0
Let i(y) = -23*y**3 + 2439*y**2 - 134*y + 2951. Give i(106).
-17
Let q(n) = 2177*n + 12844. Determine q(-6).
-218
Let h(b) = -b**3 + 5*b**2 + 3813*b - 19067. Calculate h(5).
-2
Let l(d) = d**3 - 15*d**2 - 94*d + 1251. What is l(16)?
3
Let g(d) = 2697*d + 903504. Determine g(-335).
9
Let h(m) = 188*m + 48611. Determine h(-257).
295
Let t(m) = 45*m**3 - 13*m**2 + 19*m - 23. Determine t(3).
1132
Let k(y) = -10162*y + 1778346. Give k(175).
-4
Let r(t) = 2*t**3 - 845*t**2 + 7031*t + 2832. Calculate r(414).
-66
Let x(d) = 1119*d**2 + 35804*d - 154. Give x(-32).
-26
Let r(i) = -2*i**3 - 180*i**2 + 157*i - 2282. Give r(-91).
-7
Let j(x) = 239*x**2 + 43496*x - 356. Calculate j(-182).
8
Let n(c) = -c**2 + 4401*c + 35259. Calculate n(-8).
-13
Let d(s) = -4298*s - 352538. Determine d(-82).
-102
Let c(t) = -2*t**2 + 2515*t + 292001. Calculate c(-107).
-2
Let u(c) = c**2 - 1406*c + 26380. Give u(19).
27
Let a(c) = 25*c**3 - 1148*c**2 - 80*c - 172. Calculate a(46).
380
Let t(s) = -s**2 + 19*s + 144. Determine t(24).
24
Let t(l) = -11105*l + 77848. Give t(7).
113
Let f(d) = d**2 - 722*d - 21242. What is f(-27)?
-1019
Let y(f) = -f**2 + 347*f + 2149. Give y(-6).
31
Let u(l) = 13*l**3 - 3*l**2 - 20*l - 327. Calculate u(-6).
-3123
Let k(h) = -1607*h - 65843. Give k(-41).
44
Let p(b) = 1723*b + 110220. Determine p(-64).
-52
Let d(r) = 9*r**2 - 1094*r + 2652. Determine d(120).
972
Let a(v) = -v**2 + 6111*v + 766719. Determine a(-123).
-63
Let l(r) = 2*r**3 - 25*r**2 + 36*r - 47. What is l(9)?
-290
Let b(c) = -c**2 + 36*c + 2936. Give b(75).
11
Let z(s) = -4*s**2 - 3058*s - 243969. What is z(-674)?
19
Let h(r) = -r**3 - 73*r**2 + 6*r - 43. Determine h(-73).
-481
Let p(r) = 3212*r + 2081452. Determine p(-648).
76
Let h(f) = -1442*f - 130742. Calculate h(-90).
-962
Let o(w) = -2*w**2 - 149*w + 1038. Calculate o(-81).
-15
Let o(p) = 390*p + 72710. Give o(-176).
4070
Let j(p) = 17289*p + 639685. Give j(-37).
-8
Let m(w) = 5*w**3 + 4754*w**2 + 17945*w - 45461. What is m(-947)?
-5
Let g(v) = 180*v + 52009. Calculate g(-289).
-11
Let l(v) = 10*v**2 + 87*v - 188. Give l(-15).
757
Let d(r) = 3*r**2 - 1036243*r + 2072482. Determine d(2).
8
Let c(i) = i**3 - 1156*i**2 + 6975*i - 464. Determine c(6).
-14
Let w(h) = -897409*h + 5384469. Determine w(6).
15
Let y(m) = m**3 - 214*m**2 + 1043*m + 163. Give y(209).
-255
Let n(t) = 3*t**2 - 1604*t - 384139. What is n(714)?
-7
Let g(o) = 134783*o - 943468. What is g(7)?
13
Let h(j) = 37912*j - 4511521. Calculate h(119).
7
Let m(a) = -145*a**2 - 11958*a - 109294. What is m(-72)?
2
Let g(y) = -y**3 - 29*y**2 + 284*y + 7641. Calculate g(-30).
21
Let x(u) = -654*u - 1134. Determine x(-1).
-480
Let f(z) = z**2 - 29716*z + 475036. Determine f(16).
-164
Let f(x) = 6*x**3 - 3313*x**2 - 2909*x + 402. Calculate f(-1).
-8
Let v(x) = -2*x**2 + 242*x - 2386. Calculate v(109).
230
Let o(r) = -4245*r + 1880544. What is o(443)?
9
Let a(b) = -742*b + 58592. What is a(79)?
-26
Let s(x) = -x**2 - 2780*x - 60697. Give s(-22).
-21
Let u(n) = -6*n**2 + 2*n + 240. Give u(-6).
12
Let y(j) = 197*j - 14480. What is y(67)?
-1281
Let z(p) = 5*p**2 + 1755*p - 125662. Calculate z(-412).
-2
Let z(p) = -766*p + 64361. Give z(84).
17
Let y(o) = o**3 - 501*o**2 + 22954*o - 208. Give y(51).
-4
Let a(r) = -3*r**3 + 5*r**2 + 21*r - 82. Determine a(5).
-227
Let n(x) = 5647*x + 3009857. Calculate n(-533).
6
Let o(v) = -2*v**2 - 850*v - 26059. What is o(-32)?
-907
Let a(p) = -11*p**2 + 336*p + 3350. Calculate a(-8).
-42
Let p(b) = 12*b**2 - 445*b - 86. Calculate p(41).
1841
Let p(k) = k**3 + 155*k**2 + 5*k + 911. Give p(-155).
136
Let j(x) = -139*x**2 - 1578*x - 3157. Determine j(-2).
-557
Let t(z) = -2*z**2 - 1541*z - 149666. Determine t(-114).
16
Let y(l) = -1988*l + 186703. Give y(94).
-169
Let n(x) = 94*x**2 + 1651*x - 737. What is n(-18)?
1
Let n(i) = -i**2 - 24015*i + 2000128. What is n(83)?
-6
Let i(f) = 3*f**3 - 86*f**2 + 66*f + 879. What is i(28)?
1159
Let y(d) = -d**2 - 758*d + 60697. Determine y(73).
34
Let q(w) = -w**3 + 59*w**2 - 64*w + 468. Give q(58).
120
Let c(m) = 26136*m + 6089697. Give c(-233).
9
Let s(z) = z**2 + 652*z - 304577. Give s(315).
28
Let j(m) = m**2 - 245*m + 5893. Calculate j(27).
7
Let p(t) = 1519*t - 7321. Determine p(7).
3312
Let o(u) = u**3 + 32*u**2 + 95*u + 8607. Determine o(-36).
3
Let o(w) = -128*w + 2607. Determine o(9).
1455
Let a(b) = -893*b**2 - 154*b + 153. Determine a(1).
-894
Let m(y) = -7785*y - 46706. What is m(-6)?
4
Let m(s) = s**2 + 884*s + 116497. Give m(-161).
94
Let d(o) = -4*o**2 + 907*o - 19312. Give d(203).
-27
Let o(w) = 22*w**2 - 377*w - 172. What is o(17)?
-223
Let b(j) = 262*j**2 + 1043*j - 19. Give b(-4).
1
Let z(x) = -190*x**3 + 943*x**2 - 4*x - 12. What is z(5)?
-207
Let h(s) = -388*s**2 + 15957*s - 2012. Determine h(41).
-3
Let m(r) = -7663*r + 46203. Give m(6).
225
Let p(m) = 746630*m - 9706192. Determine p(13).
-2
Let z(n) = -37810*n - 264781. Determine z(-7).
-111
Let l(w) = -3*w**2 - 576673*w + 1153343. What is l(2)?
-15
Let n(j) = -j**2 + 11385*j + 640691. Calculate n(-56).
-5
Let v(k) = -2*k**3 + 9*k**2 - 320*k + 2270. What is v(7)?
-215
Let g(v) = 11*v**2 + 2216*v + 34497. What is g(-17)?
4
Let i(q) = -2*q**3 - 77*q**2 - 56*q - 695. Give i(-38).
-11
Let a(l) = 1117*l + 688076. Calculate a(-616).
4
Let u(k) = k**3 - 256*k**2 - 2117*k - 56. What is u(-8)?
-16
Let a(o) = o**3 + 28*o**2 - 90*o - 208. Determine a(5).
167
Let t(d) = d**3 - 63*d**2 - 1356*d + 174. Calculate t(80).
494
Let a(h) = 73*h + 611. What is a(6)?
1049
Let t(y) = 8*y**2 - 146*y - 6029. Calculate t(38).
-25
Let h(j) = -9319*j + 633689. What is h(68)?
-3
Let y(w) = 9*w**2 + 333*w - 9289. Calculate y(-56).
287
Let q(j) = 21416*j + 749377. Calculate q(-35).
-183
Let l(d) = -72*d - 721. Give l(-29).
1367
Let u(g) = -g**2 - 5*g - 389. Give u(-21).
-725
Let i(b) = 136*b**2 - 1621*b - 1608. What is i(-1)?
149
Let x(l) = l**3 + 57*l**2 + 217*l + 12842. Determine x(-57).
473
Let h(a) = -6*a**2 - 2279*a - 6815. Calculate h(-3).
-32
Let k(a) = a**3 - 17*a**2 - 2136*a + 32459. Calculate k(15).
-31
Let n(h) = -h**3 - 5*h**2 - 42*h - 208. Determine n(-5).
2
Let f(j) = 47*j**2 + 107*j - 185. Determine f(2).
217
Let q(c) = -5*c**2 - 1219*c + 1226. Give q(1).
2
Let c(r) = -7*r**3 + 61*r**2 + 67*r - 318. What is c(2)?
4
Let m(v) = v**3 - 28*v**2 + 163*v + 24. Determine m(10).
-146
Let w(x) = 4*x**3 - 9163*x**2 - 1666*x - 1431895. Give w(2291).
-20
Let w(k) = -16*k**2 + 8910*k + 64298. Give w(564).
2
Let g(h) = -19*h**3 - 15*h**2 - h + 9. Calculate g(2).
-205
Let x(p) = 7*p**2 + 17496*p - 34990. Calculate x(2).
30
Let i(y) = -y**3 - y**2 - 68*y - 2901. Determine i(-13).
11
Let h(f) = -156*f - 55601. What is h(-355)?
-221
Let h(u) = -422855*u + 2537132. Determine h(6).
2
Let b(x) = -18322*x + 568068. Give b(31).
86
Let q(j) = -j**2 + 1300*j + 38935. Give q(-29).
394
Let w(p) = 1304*p - 3920. Calculate w(3).
-8
Let i(n) = 1717*n**2 + 34275*n - 1300. Calculate i(-20).
0
Let b(f) = 5*f**2 + 494*f + 9907. Determine b(-71).
38
Let o(v) = -18*v**3 - 78*v**2 + 692*v + 3158. Give o(-5).
-2
Let h(q) = 5842*q**2 - 46744*q - 1. Determine h(8).
-65
Let s(x) = 2*x**2 - 1651*x - 58302. What is s(-34)?
144
Let s(j) = j**3 - 382*j**2 + 716*j - 127787. Give s(381).
-152
Let o(i) = 6*i**3 - 51*i**2 + 27*i - 13. Give o(8).
11
Let j(s) = 504*s - 94318. Determine j(189).
938
Let d(j) = -21144*j - 1966387. Determine d(-93).
5
Let g(i) = -132*i**2 - 471*i + 94. Give g(-4).
-134
Let v(o) = 3*o**3 - 181*o**2 + 144*o - 28150. What is v(62)?
-2
Let h(z) = -751*z + 12814. What is h(17)?
47
Le